NOAA Reports/Αναφορές NOAA

Select a Year or Month report

Report for 2017 09
                   MONTHLY CLIMATOLOGICAL SUMMARY for SEP. 2017

NAME: FORADA   CITY: Psari Forada   STATE: Greece 
ELEV:    45 m  LAT:  34 36' 00" N  LONG:  25 18' 00" E

                   TEMPERATURE (C), RAIN  (mm), WIND SPEED (km/hr)

                                      HEAT  COOL        AVG
    MEAN                              DEG   DEG         WIND                 DOM
DAY TEMP  HIGH   TIME   LOW    TIME   DAYS  DAYS  RAIN  SPEED HIGH   TIME    DIR
------------------------------------------------------------------------------------
 1  25.7  30.4   16:40  21.9    6:30   0.0   7.4   0.0   4.0  25.7   18:10    SE
 2  26.8  31.3   14:20  22.9    4:00   0.0   8.5   0.0   2.1  12.9   19:40   ENE
 3  26.7  30.1   15:10  22.7    4:50   0.0   8.4   0.0   2.6  17.7   13:00   WSW
 4  27.6  31.8   15:40  24.2    6:10   0.0   9.2   0.0   1.6  11.3   13:30    SE
 5  26.4  29.4   14:50  23.1    6:50   0.0   8.1   0.0   4.3  22.5   21:20   WSW
 6  26.3  30.8   15:40  23.4    6:30   0.0   8.0   0.0   7.1  43.5   13:30    NE
 7  25.5  29.8   14:20  21.9    4:30   0.0   7.2   0.0   3.1  17.7   15:50   NNE
 8  25.2  29.2   13:40  21.7    6:40   0.0   6.9   0.0   2.9  17.7   15:40   WSW
 9  25.7  29.4   14:50  22.7    6:20   0.0   7.4   0.0   3.4  24.1   16:40   WSW
10  25.9  28.7   15:10  23.7    3:40   0.0   7.6   0.0   7.6  35.4   12:20   WSW
11  26.7  30.0   15:30  23.7    3:20   0.0   8.4   0.0   2.4  22.5   15:50   WSW
12  26.8  29.2   10:50  24.2   23:00   0.0   8.5   0.0   9.2  40.2   14:40   WNW
13  26.1  30.8   17:50  23.1    6:10   0.0   7.8   0.0   2.6  22.5   13:20   NNE
14  26.9  30.8   17:10  23.2    6:40   0.0   8.6   0.0   4.5  16.1   11:20   ESE
15  25.2  26.2    0:30  24.6    3:40   0.0   2.3   0.0   3.2  11.3    0:30   NNE
16
17
18
19
20
21
22
23
24
25
26
27
28
29
30
-------------------------------------------------------------------------------------
    26.2  31.8     4    21.7     8     0.0 114.3   0.0   4.0  43.5     6     WSW

Max >=  32.0:  0
Max <=   0.0:  0
Min <=   0.0:  0
Min <= -18.0:  0
Max Rain: 0.00 ON 01/09/17
Days of Rain: 0 (> .2 mm) 0 (> 2 mm) 0 (> 20 mm)
Heat Base:  18.3  Cool Base:  18.3  Method: Integration